i, -4*i - 45 = -3*t - 3*i. What are the prime factors of 35/t + (-9064)/(-24)?
2, 5, 19
Let k(q) = q**3 + 9*q**2 + 9*q + 8. Let h be 6*(-15)/(-10) + (4 - 3). What are the prime factors of k(h)?
2, 3, 37
Let x be (-46)/(-391) - 2735/(-17). Let d = x - 43. List the prime factors of d.
2, 59
Let f = 8 + 52. Let l = f - -84. Suppose 0 = -m - 3*j + l, -5*m + j + 774 = 134. List the prime factors of m.
3, 43
Suppose d + 191 = 193. What are the prime factors of d*(-1565)/20*-2?
313
Suppose -6*s + 10*s + 40 = 0. Let t be (2 + s/2)*(-1 - -2). List the prime factors of ((-115)/15 - -2)*t.
17
List the prime factors of (-3)/(-4) + 203*417/12.
5, 17, 83
Suppose -16*a + 63*a = 288580. List the prime factors of a.
2, 5, 307
Suppose 157*n + 23921 = 4*t + 156*n, 5*n = 4*t - 23925. What are the prime factors of t?
2, 5, 13, 23
Suppose -705 = -p - 5*l, -2*l - 2*l = 0. Suppose 3*x + 528 = -2*a - 177, 3*x = 4*a - p. Let h = x + 348. List the prime factors of h.
113
Let s(m) = m**3 - 34*m**2 + 40*m + 724. What are the prime factors of s(47)?
31321
Let u(y) = 3*y - 11. Let s be u(6). Let p(a) = 10*a + 1. Let d be p(s). Suppose 0 = x - 1, -x + d = m - 47. List the prime factors of m.
3, 13
Suppose 323*v - 325*v - 93008 = -2*x, 0 = -x + 5*v + 46508. What are the prime factors of x?
3, 5167
Let u(c) = -11 + 17 - c**2 - 14 - c**3 + 3*c. List the prime factors of u(-7).
5, 53
Suppose 3*a + 0*a = k + 40, -2*k + a - 90 = 0. Let g = -528 + 395. Let t = k - g. List the prime factors of t.
3, 29
Let i = -21 + 36. Let k = -6288 + 6306. Suppose k*u - i*u = 318. What are the prime factors of u?
2, 53
Suppose 4*p + p + 2*a - 61378 = 0, 24549 = 2*p + 3*a. Suppose -27*x = -15*x - p. What are the prime factors of x?
3, 11, 31
Let x(l) = 17*l + 2. Let w be (-35)/(-210) + 47/12*2. List the prime factors of x(w).
2, 3, 23
Let y(i) = i**3 - 27*i**2 - 24*i + 24. Let z = 116 + -92. Suppose 112 = z*n - 20*n. List the prime factors of y(n).
2, 17
Let r(w) = -w**3 + 3*w**2 + 11*w + 8. Let q be r(6). Let k = -38 - q. List the prime factors of 5/(5/68) + k.
2
Let g = 295 + -293. Let o(r) = -185*r - 19. Let j(s) = 93*s + 9. Let q(l) = 5*j(l) + 2*o(l). List the prime factors of q(g).
197
Let m be (-36)/(-10)*(300/(-8))/5. Let z(n) = n**3 + 28*n**2 + 10*n - 92. What are the prime factors of z(m)?
367
Let l be 56/28 - 1*1*-3. List the prime factors of 380 + (l - 6) + 5.
2, 3
Let s = -88 - -97. Suppose 4*q = 3*u + 1981, s*u = 4*u + 5. Let n = -347 + q. What are the prime factors of n?
149
Suppose 2*i - 1123 = 653. Suppose 137*l - 133*l = i. List the prime factors of l.
2, 3, 37
Let v = -248 - -249. List the prime factors of (v + 1)*12682/68.
373
Let o be ((-18)/(-2) - -1)*2. Suppose -13*k = 6271 - 6245. Let p = o + k. What are the prime factors of p?
2, 3
What are the prime factors of (-1 + (-42)/(-35))*67085?
13417
Let o(d) be the second derivative of 13*d**6/720 - 7*d**5/60 - d**4/12 - 16*d. Let y(n) be the third derivative of o(n). What are the prime factors of y(8)?
2, 3, 5
Let u be 678/(-8) - (10/(-8))/(-5). Let y = 85 + u. Let k(j) = j + 128. List the prime factors of k(y).
2
Let g = 1888 + -1169. Suppose 0 = 4*l - b - 846, 5*l - 334 = -b + g. List the prime factors of l.
211
Let r be (4/12)/((-111)/(-54) - 2). Let y(z) = -r + z + 2*z - 2*z + 2*z. List the prime factors of y(7).
3, 5
Suppose -14 = -2*w, 2*v = -5*w + 11041 + 71192. List the prime factors of v.
73, 563
Suppose -150*p - 44 = -161*p. Suppose -p*n + s + 153 = 0, 4*n - 150 = -9*s + 7*s. List the prime factors of n.
2, 19
Let u(q) = 76*q**2 - 22*q + 52. List the prime factors of u(6).
2, 83
Let y(b) = 6*b - 56. Let r be y(-20). Let z = 59 - r. Suppose z*l - 234*l = 19. What are the prime factors of l?
19
Let i = -8 + 24. Let o = -17 + i. What are the prime factors of 6*o*((-320)/12)/2?
2, 5
Let x be 0 + 7/((-21)/(-15)). Suppose 4*z - 4207 = -3*h + 692, x*h = z + 8188. What are the prime factors of h?
1637
Let t be 95/38 + 1474/4. Let u = t - -514. List the prime factors of u.
3, 5, 59
Let h be 4/22 - (4160/55)/(-2). List the prime factors of 1324*(-4 - h*5/(-40)).
3, 331
List the prime factors of -2*5/5 - (-10 + -5000).
2, 313
Let k be 1 - 5/((-25)/15). Let p = k - -1. Suppose -2*c = -3*a - 116, p*a - 117 = -5*c + 148. List the prime factors of c.
5, 11
Let o = 11828 + -10343. List the prime factors of o.
3, 5, 11
Let o = -13 - -7. Let h be (-126)/(-28) - ((-12)/8)/(-3). List the prime factors of (o/8)/(h/(-304)).
3, 19
Suppose 5*j - 2*s = 105503, 0 = 4*j - 0*j + s - 84405. What are the prime factors of j?
21101
Let h = 119817 + -71097. What are the prime factors of h?
2, 3, 5, 7, 29
Suppose 5*t - 75 = -5*w, -t - 11 = -w - 3*t. Suppose w*h - 15096 = -5*h. What are the prime factors of h?
17, 37
Let n be (250/4)/(((-14)/4)/(-7)). Let k = 120 + n. List the prime factors of k.
5, 7
Suppose -6*g + 6 = -8*g. Let f(x) = 3*x - 58*x**2 + 2 + 31*x**2 + 35*x**2. List the prime factors of f(g).
5, 13
Suppose -2*x + 12*h = 15*h - 95769, 4*h - 47882 = -x. List the prime factors of x.
2, 3, 23, 347
Let n(w) = 80*w**2 - 335*w + 4476. List the prime factors of n(13).
3, 4547
Suppose 0 = 93*r + 3375 - 98979. List the prime factors of r.
2, 257
Let m be 338/(-6)*(-1 - 5). Suppose -59*p - 1440 = 15*p - 2*p. What are the prime factors of m*(p/8 + 3) - -3?
2, 43
Suppose -b - 143 = 3*g, 4*g - 4*b + 61 = -151. What are the prime factors of 2424/28*g/((-7)/1)?
2, 3, 101
Suppose 6*i - 8*i - 4*a = -6690, 5*a - 16700 = -5*i. What are the prime factors of i?
5, 23, 29
Let o = 106919 + -50627. What are the prime factors of o?
2, 3, 4691
Let q = 974 + 3077. What are the prime factors of q?
4051
Suppose -4*l + 13*l = 21*l - 129264. List the prime factors of l.
2, 2693
What are the prime factors of 12/((-4)/(4/3) - 1939085/(-646265))?
2, 3, 4457
List the prime factors of (4/(-15)*(-150005)/(-38))/((-4)/42).
7, 1579
Let w(j) = -28 - 140*j + 150*j**2 + 6 + 146*j. List the prime factors of w(2).
2, 5, 59
Suppose 3*i = 5*x + i - 32167, -x - 2*i = -6431. List the prime factors of x.
7, 919
Suppose -9*a + 1 = -17. Suppose 2*i = 3*x + a, -x - x + 20 = 4*i. Suppose 3*o + i*o = 168. What are the prime factors of o?
2, 3
Let i = -1591 + 6030. What are the prime factors of i?
23, 193
Let t(y) = 2*y**2 - 1. Let r be t(-1). Let q be 114 - (r + (5 - 3)). Suppose 0 = 3*m - q - 27. List the prime factors of m.
2, 23
What are the prime factors of 14544/120*3/((-18)/(-340))?
2, 17, 101
Let o = -3720 - -6947. Suppose g = 3*q + 5*g - 2428, 0 = -4*q + 5*g + o. What are the prime factors of q?
2, 101
Let y = 365 + 974. What are the prime factors of y?
13, 103
Suppose -2*w + 23 + 41 = 0. Let q = 2856 + -2859. Let y = q + w. What are the prime factors of y?
29
What are the prime factors of (-13 - -10)*(-2 + -11407)?
3, 3803
Let s(q) = 17*q**2 - 28*q - 112. Let u be s(-21). Suppose -11*m + 28*m = u. What are the prime factors of m?
7, 67
Suppose -h = 5*m - 3 - 20, -2*h = 5*m - 21. Suppose 3*c - 4*v - 1009 = -0*v, 0 = m*c + v - 1651. What are the prime factors of c?
331
Let o(b) = -b**3 - b**2 - 3*b + 1. Let n be o(3). Let i be (1 - -3)*(-33)/n. Suppose -5 = i*a - 11. List the prime factors of a.
2
Let j(g) = 73*g**3 + 4*g**2 - g + 5. Let q(i) = i**3 - 13*i**2 + 22*i + 2. Let y be q(11). List the prime factors of j(y).
3, 67
Suppose 3*r - 89448 - 26739 = 3*u, 0 = 4*u + 4. List the prime factors of r.
2, 47, 103
Let h(l) = 2740*l - 56. Let w be h(2). Suppose -w = -5*d + 401. What are the prime factors of d?
5, 233
Let w = 24049 - -31700. List the prime factors of w.
3, 18583
Let q(w) = -112 - w**3 + w + 111 - 4*w**2 + 9*w**2. Let l be q(5). Suppose 0*b = -b + 2*a + 93, -b + l*a = -103. List the prime factors of b.
83
Let z(o) = -14*o + 34. Let w be z(2). Suppose 3*v - 7 - 16 = -2*y, 0 = -2*v + 4*y - w. What are the prime factors of v?
5
Let u be -2*(1*(-35)/7 - -3). Suppose -4*t + 5*p = 25, 2*t - 4*p = -15 - 5. Suppose t = -3*k + h + 107, -k = -6*k - u*h + 184. List the prime factors of k.
2, 3
Let s be (-20)/((4/3)/((-26)/39)). Let n(w) = -w**3 + 16*w**2 - 14*w - 22. What are the prime factors of n(s)?
2, 3, 73
Let c be 3/(-12)*(6 - 6). Suppose -2*g - g + 507 = 3*t, c = 3*g + t - 515. Suppose 0 = 5*a - g - 137. What are the prime factors of a?
2, 31
Suppose 4*g - 2*d = -76, 15*d = -g 